*q - 39. Let g be m(-9). Let a(k) = -k - 7. Let n be a(-5). Let f be 6*(g/(-6) - n). Let j(x) = 2*x - 1. What is j(f)?
-7
Let n(u) = u**3 - u**2 - u + 4. Suppose 40 = -2*h + 98. Let i = h + -24. Suppose 2*p = -3*a - 9, -5*p + 2*a = -i - 1. Determine n(p).
4
Let h = -91 + 92. Let o(j) = -7*j**2 + 1. Give o(h).
-6
Let x(v) be the second derivative of v**7/2520 + 7*v**6/720 + v**5/20 + 5*v**4/12 + 14*v. Let m(d) be the third derivative of x(d). What is m(-6)?
0
Let z(p) = -3*p. Let c = -12 - -21. Let j be 2/2 - (c - 0). Let d = j + 4. Determine z(d).
12
Let p(o) = 7 - 2*o + 2 - 12 + 7. Suppose 70 = 3*i + 2*i. Suppose -2 = 2*l - i. What is p(l)?
-8
Let s(b) = -b**3 + 6 + 17*b**2 + 20 + 5*b - 7*b + 3. What is s(17)?
-5
Let m(s) = s**2 + 2*s + 1. Let q(i) = -i**3 - 12*i**2 + 5. Let f be q(-12). Suppose 0 = f*b + 36 + 4. Let c be (1 - -3) + (b - -1). What is m(c)?
4
Suppose 7 = 2*g - 4*a + 19, a = -3*g + 10. Let i(r) = -2*r**3 + r**2 + r + 2. What is i(g)?
-8
Let y = -72 - -72. Let t(d) = d**3 - d**2 + 3. Give t(y).
3
Let l(d) = 4*d**3 - d**2 + 5*d + 4. Let k(x) = -3*x**3 + x**2 - 4*x - 3. Let z = -77 + 72. Let j(m) = z*k(m) - 4*l(m). Give j(0).
-1
Let m(a) be the first derivative of -7*a**4/2 + a**2/2 - 50. Let s be -1*(0 + (1 - 2)). Determine m(s).
-13
Let y(g) = -g**2 - 7*g - 6. Let a be y(-6). Let h(j) = a*j**2 - 6*j - j**2 + j - 1. Suppose 0*k - 28 = 7*k. Determine h(k).
3
Let c(m) = -m + 9. Suppose -2 = -4*x + 3*f, 0 = 2*x + f - 8 + 2. Suppose -x*p = -5*p. Suppose p = -8*k + 4*k - 12, -15 = -o + 3*k. Give c(o).
3
Let a = 39 - 31. Let r(k) be the third derivative of k**7/2520 - k**6/60 - k**5/30 + k**2. Let l(h) be the third derivative of r(h). Calculate l(a).
4
Suppose -n + 6 = -3*z, 5*z = 4*n - 23 + 6. Let t(c) = -2*c + c - 13*c**2 + 2*c**2. What is t(z)?
-10
Let i = 602 - 606. Let h(l) = -9*l + 4. Calculate h(i).
40
Let o(g) = g**2 + g - 5. Let h(x) = -8*x + 4. Let j be h(3). Let r = 20 + j. Suppose -p - 4 - 1 = r. What is o(p)?
15
Let c(l) be the second derivative of -4*l**3/3 - 3*l**2/2 - 12*l - 1. What is c(-3)?
21
Let b(f) = -f - 12. Let o(a) = -2*a - 23. Let q(r) = -7*b(r) + 4*o(r). Suppose 5*z = 17 - 47. What is q(z)?
-2
Suppose -4*t = -12, -t - t + 14 = 2*o. Suppose 8*x = 10*x - o. Suppose 0 = 2*q + 6*v - x*v - 18, -12 = 2*q - 2*v. Let n(f) = -2*f. Give n(q).
2
Let w(n) = -n**2 + 1. Let d(i) = -i**2 - i - 1. Let x(m) = -d(m) - 3*w(m). What is x(-2)?
12
Let n(s) = s**3 + 4*s**2 - 5*s + 2. Let u be 335/(-35) + 4 + 4/7. Calculate n(u).
2
Let m(z) = -z**2 + 9*z - 6. Let j be 600/90*-4*(-3)/10. Determine m(j).
2
Let v(o) = 10*o - 2. Let b = 590 - 586. Give v(b).
38
Let d(v) = -v**3 - 5*v**2 - v + 2. Let x(r) = r**3 - 14*r**2 + 13*r. Let u be x(13). Suppose -q - 3 = h - 2*h, 5*h + 10 = u. What is d(q)?
7
Let t(w) be the first derivative of 1/2*w**4 - 2*w + 10 - 3/2*w**2 + 0*w**3. Determine t(-2).
-12
Let g = -35 - -38. Let t(f) = -4*f - 1. Calculate t(g).
-13
Suppose 5*d + 25 = 0, x - 3*d - 39 = -3*x. Let m(q) be the first derivative of -q**2/2 + q - 1. Let z(i) = 4*i + 9. Let j(u) = -5*m(u) - z(u). What is j(x)?
-8
Let a be 21/63 - ((-16)/6 + 1). Let r(h) = 7*h**2 + 8*h - 14*h**2 + 8*h**a + 1 - 3*h. Give r(-5).
1
Let h(z) = z**3 - 11*z**2 + 10*z + 2. Let g be h(10). Let s(l) = l**3 - l**2 - 3*l + 5. Let j be s(g). Let d(y) = 3*y - 3. Calculate d(j).
6
Let w(a) = a + 10. Let s(t) = t + 9. Let f(g) = 5*s(g) - 4*w(g). Calculate f(4).
9
Let o = -22 + 16. Let c(r) be the second derivative of -1/6*r**3 + 0 + 10*r + 0*r**2. What is c(o)?
6
Let x be ((-5)/(-15)*3)/(3/6). Let q(p) = p**2 - p**2 - p**x. What is q(1)?
-1
Let g(y) = -14*y + 24*y - y + 34*y. Give g(1).
43
Let c(g) = g**2 - 3. Let t be (-4 - -6 - 1) + -1. Suppose -4*u + 6 + 6 = t. Determine c(u).
6
Let n(w) = -w**3 + 4*w**2 - w + 4. Suppose -v = -5*m + 24, -3*v + 12 = -2*m - 8*v. Give n(m).
0
Let k(m) be the second derivative of -m**4/12 + 5*m**3/6 + 9*m**2/2 + 56*m. Calculate k(8).
-15
Let c(q) be the first derivative of -3*q**4/4 - 4*q**3/3 - q**2/2 + 2*q + 99. Calculate c(-2).
12
Suppose 3*q + 3*o - 2*o + 23 = 0, -3*o - 13 = 2*q. Let f(c) = c**2 + 4*c - 28. Give f(q).
4
Let v(j) be the second derivative of -j**4/12 + 5*j**3/6 - 5*j**2 - 73*j. Give v(4).
-6
Let g(l) = l**2 + 5*l - 5. Suppose 0 = 4*k + 4*y + 68, -3*y = -k + 2*y + 13. Let j be k*(3 - (-60)/(-8)). Let n be (-336)/j + 4/18. Calculate g(n).
1
Let t = 78 + -75. Let l(r) = 11 - 16 - t*r + 4*r. Determine l(3).
-2
Let l(i) be the first derivative of i**6/360 - i**5/20 - 5*i**4/24 + 34*i**3/3 - 27. Let h(d) be the third derivative of l(d). What is h(6)?
-5
Let g(r) = -r**3 - 2. Let t(v) = -18*v + 72. Let u be t(4). What is g(u)?
-2
Let c(s) = 260*s + 264*s - 787*s + 262*s + 30. Determine c(0).
30
Let c be (-3)/(27/(-6)) + 1078/66. Let q(o) = o - 23. Give q(c).
-6
Let w(q) = 7*q**3 - 2*q + 1. Let n(f) = f**3 + 7*f**2 + 9*f - 4. Let t be n(-5). What is w(t)?
6
Let r(l) = -l**3 + 13*l**2 - 12*l - 2. Let x be 2/18 - (107/9)/(-1). Determine r(x).
-2
Let b = -682 + 672. Let a(y) = y**3 + 11*y**2 + 11*y + 3. What is a(b)?
-7
Let b be (-2 - 3)*18/15. Let z(p) = p**3 + 5*p**2 - 5*p + 11. Calculate z(b).
5
Let c(m) = m**3 - 5*m**2 + m - 4. Let z(p) = 6 + 4*p + 2*p + 20 - 9*p. Let f be z(7). Determine c(f).
1
Let b(d) = 2*d**3 + 2*d**2 - 2*d + 7. Let f(h) = 3*h**3 + h**2 - 3*h + 8. Let r(z) = -4*b(z) + 3*f(z). Determine r(5).
-9
Let z(q) = 5*q + 1 + 0 - q**2 - 5. Let f be z(3). Let t(n) = 9*n + n - 6*n - 3. Determine t(f).
5
Let x(t) be the first derivative of 5*t**2/2 + t + 127. Give x(1).
6
Let h(x) be the third derivative of -1/40*x**5 + 1/2*x**3 - 7*x**2 + 0 + 0*x + 1/360*x**6 + 1/24*x**4. Let s(o) be the first derivative of h(o). What is s(4)?
5
Let f(h) be the first derivative of h**4/24 - h**3/3 - 8*h**2 + 24. Let y(v) be the second derivative of f(v). Give y(0).
-2
Let t(u) = -7*u - 3. Let f = 19 - 31. Let o be 1/(-1 + f/(-9)). Let h(a) = 1. Let y(x) = o*h(x) + t(x). Calculate y(1).
-7
Let b = 0 - -2. Let m(w) = w**2 - 6*w - 28. Let r(n) = -3*n**2 + 11*n + 46. Let y(i) = 5*m(i) + 3*r(i). What is y(b)?
-12
Let q(p) be the first derivative of p**3 - p**2/2 + 8*p - 4. Let u(z) be the first derivative of q(z). Determine u(2).
11
Let l be (-3)/3 - (1 - 2) - -5. Let t(f) = -f**2 + f + 2. Let v(m) = -m**2 + m + 3. Let i(a) = 2*t(a) - 3*v(a). What is i(l)?
15
Let w(k) = k**2 + k + 2. Let u = 11 + -6. Suppose r + u = 2*r. Suppose 4*h + 12 = -r*b + 3*b, -b - 5*h = 12. Calculate w(b).
4
Let h(j) = j**2 + 4*j - 47. Let c be (-11)/(33/18)*(-9)/(-6). Determine h(c).
-2
Let y = 374 + -378. Let l(o) be the second derivative of o - 3*o**2 - 1/3*o**3 + 0. Give l(y).
2
Suppose -6*b + 75 = 75. Let k(f) = -4*f + 2. Calculate k(b).
2
Let m(v) = 5*v**3 + 11*v**2 + 22. Let p(g) = 14*g**3 + 31*g**2 + 67. Let r(d) = 17*m(d) - 6*p(d). Determine r(0).
-28
Let i(q) be the third derivative of 1/8*q**4 + 5*q**2 + 1/3*q**3 + 0*q + 0 - 1/60*q**5. Suppose -9 = 4*y - 25. Calculate i(y).
-2
Let z(i) = -2 - 2*i**2 - 4*i - 4*i**2 + 6 + 7*i**2. Suppose 2*l - 2 = -j, 2*l = l - 2. Suppose a - j*a = -15. What is z(a)?
1
Let f(w) = 3*w + 10 - 22 + 10 + 5 - 5*w. Determine f(-5).
13
Suppose 4*p = 2*f + 10, -5*p = -p - 12. Let r(b) = -9*b + 2. Determine r(f).
-7
Let c(w) = -9*w**3 - 2*w**2 + 1. Let m(v) = v + 4. Suppose -2*f - 15 = 4*n + 3*f, 2*n = f - 11. Let u be m(n). Determine c(u).
8
Let n(m) = -m + 4. Let y(q) = 35*q + 220. Let g be y(-6). What is n(g)?
-6
Let t(y) = 9*y**2 - 18*y**2 + 7*y**2 + 5 + 0*y**2 - 5*y. What is t(-6)?
-37
Let f(k) = -66*k + 10. Let u(m) = 50*m - 8. Let i(x) = -3*f(x) - 4*u(x). Let p be ((-2)/1)/(-2) + 3. Determine i(p).
-6
Let h(j) be the first derivative of -j**2/2 - 5*j + 12. Let r(m) = -m - 4. Let u(w) = -2*h(w) + 3*r(w). Let l be 0 - (-7)/((-14)/12). Give u(l).
4
Let p(b) be the third derivative of -b**4/24 + b**3/6 + 11*b**2. Suppose -2*d + 8 = -0*d. Suppose j - d = -j. Determine p(j).
-1
Let l(g) = -12*g**3 + 4*g - 11*g**2 + 3*g**2 - 6 + 0*g + 13*g**3. What is l(7)?
-27
Let s(d) be the second derivative of 1/2*d**2 - 1/12*d**4 + 5/6*d**3 + d + 0. Determine s(5).
1
Suppose b = 14 + 14. Suppose 4*a = -6*c + c + 32, 2*a + b = 3*c. Let n(y) = -y**2 + 9*y + 2. Give n(c).
10
Let y(i) = -i**2 + 2*i + 1. Let u be (-4 + 3 - 2)*-1. Let a be y(u